Let u = 152 + -142. Suppose u*d - 408 = 7*d. Does 17 divide d?
True
Let g(h) = -155*h**3 + 156*h**3 + 4*h + 4*h - 6 - 2*h - 6*h**2. Is 14 a factor of g(7)?
False
Suppose -6*c + 50 + 490 = 0. Is c a multiple of 2?
True
Suppose -2*c - 7 = z, 4*z - 18 = 5*c + 19. Suppose 4*a - 7*a - 4*d = -80, 12 = -z*d. Is 16 a factor of a?
True
Suppose -2*s = -5*s - 90. Let f be 1/((-1 - 0)/s). Suppose 2*v - 78 = -f. Is 24 a factor of v?
True
Suppose -32*t + 31*t = 0. Suppose -j = c - 18, t = -3*j + 2*c - 0*c + 34. Is 6 a factor of j?
False
Suppose 0*z = z - 2*k - 100, 385 = 4*z - 3*k. Is 25 a factor of (4/4 + z)*1?
False
Suppose -39 = 2*o + 53. Let k = 116 + o. Let w = 122 - k. Is w a multiple of 13?
True
Let c(r) be the third derivative of 0 + 1/6*r**3 + 0*r + 0*r**4 - 1/30*r**5 - 3/8*r**6 + 6*r**2. Is 11 a factor of c(-1)?
True
Let w = 331 - 218. Let y be -8*(85/(-2))/(-5). Let g = y + w. Is g a multiple of 15?
True
Let y(g) = g**2 - 7. Let k be y(4). Let i be (-30)/(-4)*(-6)/k. Let s(t) = -4*t - 3. Is s(i) a multiple of 10?
False
Let y(s) = -s**3 + 5*s**2 - 6*s - 4. Let v(f) = f**3 + 4*f**2 - 5*f + 5. Let l be v(-5). Let d be y(l). Let a = d + 88. Does 11 divide a?
False
Let x = 16 - 4. Suppose 22*w - x*w = 370. Is 19 a factor of w?
False
Let t = 167 - 52. Is t a multiple of 25?
False
Let f(i) = -i**2 - 48*i + 212. Let v be f(-50). Let o = 0 - -3. Suppose 3*u - l - v = 0, -2*u + 196 = o*u - 4*l. Is 11 a factor of u?
False
Suppose -22*c + 4797 - 111 = 0. Does 29 divide c?
False
Let t(p) = -13 - p**2 - 13*p + 11*p - 15 + 21*p. Is 50 a factor of t(13)?
True
Let j be (-32)/16*-1*6/2. Is 16 a factor of 263/5 + j/15?
False
Let i be (6/(-4))/(3/(-28)). Let t = i - 11. Let g(m) = 3*m**2 - 3*m + 2. Is 5 a factor of g(t)?
True
Does 6 divide (-5)/((-648)/128 - -5)?
False
Let w = -21 + 10. Let y(t) = -5*t - 10. Let k be y(w). Suppose 5*p = k + 150. Is p a multiple of 13?
True
Let g be 4/(-10) + 190/(-25). Let o = g + 12. Suppose -o*p = -8, p - 21 - 15 = -h. Does 24 divide h?
False
Let x be (-48)/(-26) + (-34)/(-221). Suppose 3*l - x*c = 63, 4*l - c = -l + 112. Does 10 divide l?
False
Let c = 26 + 43. Suppose 4*k + 13 = c. Is k a multiple of 13?
False
Let c be 115/13 + 16/104. Let l be (-16)/(-6) + 3/c. Suppose -222 + 77 = -5*r + 5*q, l*r - 85 = 5*q. Does 26 divide r?
False
Let o be (1/2)/(4/(-72)). Let h(l) = 2*l + 16. Let w be h(o). Does 11 divide 3/(-3) - w - -19?
False
Suppose -2*q + 2*f + 6408 = 0, -9611 = -3*q - 72*f + 74*f. Is q a multiple of 51?
False
Suppose 4*m - 8379 = 3*b, 20*b = -5*m + 24*b + 10473. Is 30 a factor of m?
False
Suppose -34 = -8*b + 6. Suppose -3*f + 4*o + 96 = 0, 3*f + 0*f = -b*o + 96. Is 8 a factor of f?
True
Let l(d) = -d**3 - 16*d**2 - 5*d - 13. Let k be l(-15). Let m = -99 - k. Does 32 divide m?
True
Suppose 0*j = 5*o - 3*j - 37, o - 21 = 4*j. Suppose t + t - 64 = 4*x, o*x - 10 = 0. Is 4 a factor of t?
True
Suppose 159 = 5*g + 3*r - 75, g - r = 42. Is 5 a factor of g?
True
Let f(p) = p**3 - 10*p**2 - 29*p + 15. Is 18 a factor of f(13)?
False
Let i = -334 + 750. Is i a multiple of 13?
True
Is (-1431)/(-15) - (26/(-10) + 2) a multiple of 12?
True
Let t = -120 - -289. Let h = -64 + t. Is h a multiple of 21?
True
Let j be 5*((-15)/(-5) - 2). Is 24 + j/(-20)*-4 a multiple of 9?
False
Suppose 41*j - 32697 = 4613. Is j a multiple of 70?
True
Suppose -3*h - h = 2*v - 470, -v + 5 = 0. Suppose -5*k + h = 5. Suppose 0 = -4*u, 273 = 5*c + 4*u - k. Does 22 divide c?
False
Suppose 2*y = -5*l + 13, -4*y + 22 = y + 2*l. Suppose y*a - j = 7, -a + 3*j = 3*a + 3. Suppose -3*q + 129 = 5*b, a*q - 187 = b - 40. Is 8 a factor of q?
True
Let b = -89 + 156. Let t = 14 - b. Let y = 116 + t. Is y a multiple of 21?
True
Let i be (-18)/(0 - 4/6). Suppose 2*m + 28 = 3*s, 14*s - 3*m = 19*s - 53. Suppose -s - i = -w. Is w a multiple of 12?
False
Let u(x) = x**3 + 11*x**2 + 14*x + 14. Let b be u(-10). Let d = 122 - b. Is 24 a factor of d?
False
Suppose -110*l - 500 = -115*l. Is l a multiple of 25?
True
Suppose 3*x - 192 = -i, 6*i - x - 391 = 4*i. Is 13 a factor of i?
True
Suppose 135*f = 49892 + 170698. Is f a multiple of 51?
False
Let v = 426 - 99. Let i = 473 - v. Is i a multiple of 24?
False
Does 12 divide 6*(-1138)/(-12) - 3?
False
Suppose -5*y - 46*u + 1232 = -42*u, -3*y + 5*u + 717 = 0. Is y even?
True
Let s(a) = a**3 + 25*a**2 + 46*a + 27. Is 4 a factor of s(-23)?
False
Let x be -2*(2/2)/1. Let j be 9*x/(24/(-76)). Let n = j + 3. Is n a multiple of 15?
True
Let j = 15 + -15. Suppose j = 2*b + b - 12. Suppose q + b*m = 40, 4*q = 2*m + 3*m + 265. Is 12 a factor of q?
True
Suppose 0 = 3*m + 26*m - 8555. Is 17 a factor of m?
False
Let b be 2 - (-1 - (1 - 0)). Suppose -5*x + 0*u - 4*u + 336 = 0, 4*u - 16 = 0. Suppose -52 = -o - 5*c, -b*o + 68 = c - x. Is o a multiple of 16?
True
Is 2 a factor of 12/26 + (-26400)/(-260)?
True
Let f(s) = s**3 + 15*s**2 + 3*s + 25. Let q be f(-15). Let y = q + 37. Is 7 a factor of y?
False
Suppose 0 = -34*j + 832 + 290. Does 11 divide j?
True
Let u = -131 - -120. Suppose -3*m = -2*m - 19. Let o = m + u. Is o a multiple of 4?
True
Suppose -17 = -4*i - 49. Let z(s) = -3*s - 16. Let n be z(i). Suppose -n*p + 180 = -3*p. Is p a multiple of 6?
True
Let m(s) = 25*s - 22. Is m(12) a multiple of 25?
False
Let z be (42/(-4) + 2)*2. Suppose 0 = -3*t + 8*t - 5*c + 140, 4*t + 3*c = -140. Let u = z - t. Is 14 a factor of u?
False
Let g be (-2)/(-6) - (-110)/(-15). Let r(a) = -20*a. Is 25 a factor of r(g)?
False
Suppose 4*s - 3*n - 286 = -s, s - 2*n = 53. Suppose 228*i = 226*i - 70. Let b = i + s. Is 12 a factor of b?
True
Let r(u) = -u**3 - 7*u**2 + 3*u + 21. Is 24 a factor of r(-14)?
False
Does 75 divide (90/3)/((-38)/(-285))?
True
Is 11 a factor of (-4)/(-16)*-118*2*-5?
False
Let q(v) = -v**3 - 3*v**2 - 6*v - 4. Let p = -120 + 116. Is 11 a factor of q(p)?
False
Let o = -1318 + 1508. Is 2 a factor of o?
True
Let y = -1482 + 1638. Does 27 divide y?
False
Let r(p) = -2*p**3 + 2*p**2 - p + 3. Let g(x) = 2*x**3 - x**2 - 3. Let d(b) = b - 1. Let c be d(-3). Let z(v) = c*g(v) - 3*r(v). Is 5 a factor of z(-2)?
True
Let s(a) = 13*a**3 - a**2 - 3*a + 2. Let g be s(2). Let f = g + -51. Suppose 0*n = -n + f. Is n a multiple of 9?
True
Suppose 5*d + 2*r - 10500 = 0, -r - 3131 - 5256 = -4*d. Does 67 divide d?
False
Let s = -110 + 2023. Is s a multiple of 73?
False
Let o(x) be the third derivative of x**6/40 - x**5/60 - x**4/12 + 9*x**2. Let b(y) = y + 1. Let z be b(1). Is o(z) a multiple of 8?
True
Let s be (30/(-12) - 2/(-4))*-2. Does 4 divide (40/2)/(s - 2)?
False
Let d(r) = r**3 - 6*r**2 - r + 6. Let l be d(6). Suppose l*q = q - 72. Is q a multiple of 20?
False
Let r(n) = -8*n + 2. Let t be r(2). Let x = t - -39. Suppose -x = -3*u + 4*a, 7*u - 2*a = 3*u + 50. Is u a multiple of 4?
False
Does 33 divide 3*(-1 + 100)*(-4)/(-2)?
True
Let r = -139 - -94. Let x(i) = -i**3 + i**2 + i - 192. Let p be x(0). Does 10 divide 9/r + p/(-10)?
False
Let p be 78/9 + 1/3. Does 9 divide ((-168)/(-32))/(p/96)?
False
Let h(t) = -2*t**3 + 7*t**2 + 4. Let r be (0 + 0 - (-10 + 14)) + 1. Is 11 a factor of h(r)?
True
Let g(o) = -o + 1. Let b be g(-3). Suppose -3*k = b*x - 292, x + x = -4*k + 156. Does 14 divide x?
True
Suppose 5*l - 20 = 5*t, -4*l + 0 = -4. Let f(j) be the first derivative of j**4/4 + 2*j**3/3 - 2*j**2 + 2*j - 11. Is 4 a factor of f(t)?
False
Let p be 8*(-1)/4*-4. Let t = -17 + p. Let m = 42 + t. Does 11 divide m?
True
Let f be (-66)/12 + (-2)/4. Let z(d) = -7*d**3 + 9*d**2 + d + 1. Let k(c) = -6*c**3 + 8*c**2 + 1. Let u(r) = f*k(r) + 5*z(r). Does 7 divide u(4)?
True
Let h be 0/(-1) + -3 + (-35)/(-7). Let b = 1 + 3. Suppose -h*m + 5*p = -141, 3 + 1 = -b*p. Is 34 a factor of m?
True
Let p be (19 - -5)*(0 - -82). Is 5/3 + p/18 a multiple of 37?
True
Let x = -170 + 600. Is x a multiple of 17?
False
Let c(x) = -4*x**2 - 15*x + 6. Let n(z) = 5*z**2 + 15*z - 7. Let u(g) = 4*c(g) + 3*n(g). Does 12 divide u(-11)?
False
Let d = -21 + -53. Let q = -22 - d. Does 12 divide q?
False
Let k = -1 + 2. Suppose -3*c + 2 = -k. Does 27 divide -3 + 1 + c*29?
True
Suppose 5*n - 4*n - 57 = 0. Let c = 125 - n. Is 35 a factor of c?
False
Let u = 453 + -159. Does 2 divide u?
True
Let a(b) = -2*b**2 - 14*b - 4. Let y = -41 - -35. Is 8 a factor of a(y)?
True
Suppose -5*t - 18 = g, 0*t - 4*g 